et a(b) = 4*b + 3. Let o be a(6). Let h = o + -10. Suppose 0 = 4*y + h - 29. Calculate the highest common factor of y and 6.
3
Let o(a) = -a - 60. Let s be o(-70). Calculate the highest common divisor of s and 105.
5
Let h be (-3 - 1) + (39 - 20). What is the highest common factor of h and 12?
3
Suppose 295 = 2*x - 5*t, -5*x + t = -t - 706. Suppose -3*d - x = 4*d. Let r = d + 30. What is the highest common factor of r and 50?
10
Let d(z) = 8*z**2 - 13. Let q be d(-5). Calculate the greatest common divisor of q and 68.
17
Let k be (-6)/(-4) + 231/14. Calculate the highest common divisor of 48 and k.
6
Let m = -7 + 24. Let d be (2 + 1 - 1) + -35. Let k = -16 - d. What is the greatest common divisor of m and k?
17
Let s = -79 + 115. Suppose -197 = 5*v - 647. Calculate the highest common factor of s and v.
18
Let j(u) = -u**3 - 6*u**2 + 8*u + 54. Let s be j(-6). What is the highest common divisor of 6 and s?
6
Let o = 17 + -2. Let j(z) = o*z**2 - 2*z + 6 + 1 - 3 - 5. Let r be j(-1). What is the highest common factor of r and 80?
16
Suppose 0 = -8*c - 2*c + 340. Calculate the greatest common divisor of c and 374.
34
Let w = 3444 + -456. Calculate the greatest common divisor of w and 83.
83
Suppose 0 = -15*y + 9*y - 156. Let h be (-2 - y/12) + (-923)/(-78). What is the highest common divisor of h and 30?
6
Suppose 7*s + 49 - 152 = -4*a, 2*s = -4*a + 98. Let p(x) = x**3 + 5*x**2 + 5*x + 1. Let n be p(-4). Let t = a + n. What is the highest common factor of 3 and t?
3
Suppose 0*n + 9 = 2*n - 3*i, -3*n - i + 8 = 0. Suppose -2*z = 2*b - 60, -3*z = 4*b - n*b - 82. Calculate the greatest common divisor of 208 and z.
26
Let g = -39 + 64. Let o = g + 45. Calculate the greatest common factor of 28 and o.
14
Let a = -31 - -33. Suppose 0 + 88 = a*h. Suppose 0 = -5*r + 65 - 10. What is the highest common divisor of h and r?
11
Let c be 4/(-22) - 7/(77/130). Let k be (-34)/c - (-6)/36. Calculate the greatest common factor of 3 and k.
3
Let u(i) = 6*i + 49. Let b be u(-8). Let n be 3/(b*6/92). What is the highest common factor of n and 115?
23
Let j(x) = x**3 + 15*x**2 - 13*x + 9. Let s be j(-15). Suppose 2 = 3*z + 8, -5*l - 3*z = -s. What is the greatest common divisor of 21 and l?
21
Suppose n + 0*i = -2*i - 2, 4*i = 20. Let m(r) = -r**3 - 12*r**2 + 10. Let h be m(n). Calculate the highest common factor of 90 and h.
10
Let p = -22 - -40. Let d be (4 + -26)*(-3)/(-6). Let f = d + p. What is the greatest common divisor of 63 and f?
7
Let f(q) = -q + 24. Let m be f(11). Let c(w) = 1. Let x(y) = 66*y - 6. Let k(a) = 5*c(a) + x(a). Let r be k(1). Calculate the highest common divisor of m and r.
13
Suppose -6 = 2*m, -3*d + m - 2*m = -15. Let n(b) = b**3 + 10*b**2 + 3*b. Let s be n(-7). Suppose 8*q - s = 5*q. What is the highest common divisor of d and q?
6
Suppose 3*s - 154 = s. Let q = -13 + 24. Calculate the greatest common factor of s and q.
11
Let z = 2 - -8. Let w be 92/16 - (0 + (-6)/(-8)). Calculate the greatest common divisor of z and w.
5
Suppose 0 = -2*x - 2 + 18. Let y be x/20 + (-146)/(-10). Suppose k - 810 = -5*k. What is the greatest common divisor of y and k?
15
Let v = 4 + 1. Let j be 4/(1*v/315). What is the greatest common factor of j and 28?
28
Let f be -3*(0 - 1)*7. Let l be ((-6)/10)/((-4)/(-80)*-4). Calculate the highest common divisor of l and f.
3
Suppose -2 + 14 = 3*w. Suppose w*a = -a + 35. Let g be ((-49)/(-42))/(1/6). Calculate the highest common factor of g and a.
7
Let x = -25 + 25. Let m(g) = g**2 - 5*g + 2. Let v be m(x). What is the greatest common divisor of 22 and v?
2
Suppose 10*f - 245 = -5. Let i be 10 + (-1 - 1/1). What is the greatest common divisor of f and i?
8
Suppose -4*p + 21 = -19. Let i = -61 - -102. Suppose 2*h - i = 39. Calculate the greatest common factor of p and h.
10
Suppose 0 = 18*a + 31 - 139. What is the highest common divisor of a and 354?
6
Suppose -3384 = -16*p + 2088. Let m be (-1 + (-17)/2)*-4. What is the greatest common factor of p and m?
38
Let q be 36/(-6) + -7 + 17. What is the greatest common factor of q and 724?
4
Suppose 29*c - 23*c - 150 = 0. Let h = 93 - c. What is the highest common factor of 170 and h?
34
Let q = -2 + 3. Let t = -35 + 55. What is the highest common divisor of q and t?
1
Suppose 3*j - 5*j = 14. Let w(z) = -z + 11. Let u be w(j). What is the greatest common factor of u and 198?
18
Suppose -2*u + 16 = 2*u - 4*z, 0 = -u - 4*z + 9. Let t be u*(36 + (0 - 0)). Calculate the greatest common factor of t and 20.
20
Let b be (-120)/(-2)*6/5. Suppose 3*u + 11 = 5*o, -4*u + 7 = -3*u + o. Suppose -u*j = 2*j - 45. Calculate the highest common factor of j and b.
9
Suppose -39*k + 15164 = 2567. What is the highest common factor of 19 and k?
19
Let t = 2194 - 1322. Calculate the greatest common factor of t and 8.
8
Let q be (-168)/224 + 0 + (-99)/(-4). What is the greatest common divisor of q and 36?
12
Let c(y) = -y**2 - y - 10. Let p be c(-6). Suppose -5*i + 325 = 5*h, -3*h - 5*i = -2*h - 69. Let j = p + h. Calculate the greatest common divisor of 264 and j.
24
Let z = 601 - 108. What is the highest common factor of z and 29?
29
Let m = 1408 - 1324. What is the highest common factor of m and 60?
12
Let d = -85 - -103. Calculate the greatest common factor of 45 and d.
9
Let a = 162 - 134. Calculate the greatest common divisor of a and 21.
7
Let x = -950 - -957. Let g be 0 - (1 + (0 - -1)). Let w be (-38)/(-2) - (0 + g). What is the highest common divisor of x and w?
7
Suppose 2*c + 54 = -2*q, 0 = 5*c - 5*q + 4*q + 129. Let d(o) = -o**3 - 26*o**2 - 3*o + 12. Let r be d(c). Calculate the greatest common factor of r and 36.
18
Suppose 0 = 2*f - 6*g + 5*g - 316, f + g - 152 = 0. Calculate the highest common factor of f and 12.
12
Suppose 3*y = 5*g - 266 - 175, 3*g + 2*y = 276. Let c be (9/27)/(3/g). What is the highest common divisor of c and 2?
2
Let l = -2202 + 2207. Calculate the greatest common divisor of 860 and l.
5
Let k be 84/10*180/54. Calculate the greatest common divisor of 84 and k.
28
Let v(b) = 6 + 4*b + 0 + b + b**2. Let a be v(-6). Let t(o) = o**3 - o**2 - 7*o + 7. Let r be t(5). Calculate the greatest common factor of r and a.
12
Let y be 129*(3 + 64/(-24)). What is the greatest common factor of 387 and y?
43
Let m be (-6 - (-482 + 1))*2. Calculate the greatest common factor of m and 50.
50
Let y(q) = -q**3 - 4*q**2 - 2*q - 2. Suppose -2*i = -4*i - 8. Let g be y(i). What is the highest common divisor of 6 and g?
6
Suppose -k = -f - 59, -3*f = 2*k + 40 - 133. Calculate the highest common divisor of 72 and k.
18
Let c(j) = j**2 + 5*j - 4. Let u be c(-3). Let v = u + 3. Let y = v - -13. Calculate the highest common divisor of 9 and y.
3
Let s be (-22)/(-2) + 2 - -1. Let f = -39 + 43. Let d be 0 + 5/(-10) - (-30)/f. Calculate the highest common divisor of d and s.
7
Let j(u) = u**2 - 15*u - 24. Suppose -4*k = 2*k - 108. Let x be j(k). What is the greatest common factor of x and 12?
6
Suppose 7*t = -14 + 770. Calculate the greatest common divisor of 12 and t.
12
Let n be 1/3*(5191 + 59). What is the highest common divisor of n and 70?
70
Let a be 2/(10 + -2) + (-26)/8. Let b(c) = 12*c**2 + 2*c - 3. Let o be b(a). Calculate the highest common factor of 33 and o.
33
Suppose 3*q - 88 = 2. What is the highest common divisor of q and 1?
1
Let f(q) = -11*q. Let s be f(-2). Let g be (1664/260)/(4/10). Let h be -6 + -3 + g + -5. Calculate the highest common divisor of h and s.
2
Suppose 8484 = 4*d + 10*d. What is the greatest common factor of 6 and d?
6
Let k be 1942/6 + -1 - 36/(-27). Calculate the greatest common factor of 36 and k.
36
Let m be (-2)/10 - 846/(-30). Suppose m*z = 29*z - 9. Let j = -242 - -341. Calculate the highest common divisor of z and j.
9
Suppose -n + 817 - 610 = 0. What is the highest common divisor of n and 18?
9
Let l = -1914 - -2055. Calculate the greatest common divisor of l and 611.
47
Let m(j) = 5*j + 6. Suppose -4*s + 16 = 4*s. Let o be m(s). Calculate the greatest common factor of 80 and o.
16
Suppose 0 = 5*f - 5*r - 52 - 8, 0 = 4*f - 2*r - 56. What is the greatest common factor of f and 272?
16
Let w(n) = 7*n - 8. Let t be w(3). Suppose 2*h - 228 = -2*z, -2*z - 3*h - 17 = -242. Calculate the greatest common factor of z and t.
13
Let z = 5 - -3. Let f = z - -